{"id":636,"date":"2025-09-23T09:08:22","date_gmt":"2025-09-23T09:08:22","guid":{"rendered":"https:\/\/www.gunnurca.com\/?post_type=product&#038;p=636"},"modified":"2025-09-23T09:08:22","modified_gmt":"2025-09-23T09:08:22","slug":"canta-3","status":"publish","type":"product","link":"https:\/\/www.gunnurca.com\/index.php\/urun\/canta-3\/","title":{"rendered":"\u00c7ANTA"},"content":{"rendered":"<p>LEV\u0130DOR MARKA \u00c7ANTA \u0130\u00c7ER\u0130S\u0130NDEN UZUN ASKISI VE TOZ TORBASI MEVCUTTUR<\/p>\n","protected":false},"excerpt":{"rendered":"<p>LEV\u0130DOR MARKA \u00c7ANTA \u0130\u00c7ER\u0130S\u0130NDEN UZUN ASKISI VE TOZ TORBASI MEVCUTTUR<\/p>\n","protected":false},"featured_media":637,"comment_status":"open","ping_status":"closed","template":"","meta":[],"product_brand":[],"product_cat":[27],"product_tag":[],"class_list":{"0":"post-636","1":"product","2":"type-product","3":"status-publish","4":"has-post-thumbnail","6":"product_cat-clothing","8":"first","9":"instock","10":"sale","11":"taxable","12":"shipping-taxable","13":"purchasable","14":"product-type-simple"},"_links":{"self":[{"href":"https:\/\/www.gunnurca.com\/index.php\/wp-json\/wp\/v2\/product\/636","targetHints":{"allow":["GET"]}}],"collection":[{"href":"https:\/\/www.gunnurca.com\/index.php\/wp-json\/wp\/v2\/product"}],"about":[{"href":"https:\/\/www.gunnurca.com\/index.php\/wp-json\/wp\/v2\/types\/product"}],"replies":[{"embeddable":true,"href":"https:\/\/www.gunnurca.com\/index.php\/wp-json\/wp\/v2\/comments?post=636"}],"wp:featuredmedia":[{"embeddable":true,"href":"https:\/\/www.gunnurca.com\/index.php\/wp-json\/wp\/v2\/media\/637"}],"wp:attachment":[{"href":"https:\/\/www.gunnurca.com\/index.php\/wp-json\/wp\/v2\/media?parent=636"}],"wp:term":[{"taxonomy":"product_brand","embeddable":true,"href":"https:\/\/www.gunnurca.com\/index.php\/wp-json\/wp\/v2\/product_brand?post=636"},{"taxonomy":"product_cat","embeddable":true,"href":"https:\/\/www.gunnurca.com\/index.php\/wp-json\/wp\/v2\/product_cat?post=636"},{"taxonomy":"product_tag","embeddable":true,"href":"https:\/\/www.gunnurca.com\/index.php\/wp-json\/wp\/v2\/product_tag?post=636"}],"curies":[{"name":"wp","href":"https:\/\/api.w.org\/{rel}","templated":true}]}}